k) = -7 - 4*k - k - 53*k**c + 52*k**2. Let l = -19 - -13. Calculate q(l).
-13
Suppose -42 = 1146*r - 1140*r. Let a(h) = -h**3 - 8 + 2*h**2 + 4*h**2 - 8*h + 2*h**3. Determine a(r).
-1
Suppose -634*u + 63 = -627*u. Let i(r) = -r**2 + 13*r - 8. Calculate i(u).
28
Suppose 2*d + 156 = 4*d + k, -4*d + 306 = 5*k. Let v = d - 77. Let a(r) = -3*r. What is a(v)?
-6
Let w(s) = 3*s - 1. Let t(h) = 8*h - 2. Let x(q) = -t(q) + 3*w(q). What is x(3)?
2
Suppose -2*g - 8 = -i, 0 = -i - 3*g - 7 - 10. Let x(m) = -12*m - 3. Calculate x(i).
21
Let m(v) = 2*v**2 + 4*v - 1. Suppose -36 + 11 = h. Let j = h + 43. Let n be (4/(-2))/(j/27). Determine m(n).
5
Let x(q) = q**3 + 8*q**2 + 2*q - 14. Let g(l) = 2*l**3 + 16*l**2 + 4*l - 30. Let t(i) = -4*g(i) + 9*x(i). Calculate t(-8).
-22
Let o(n) = -11*n**3 + 17*n**2 - 17*n - 2. Let m(x) = 4*x**3 - 6*x**2 + 6*x + 1. Let d be 15/25 - (-172)/(-20). Let c(z) = d*m(z) - 3*o(z). Give c(3).
7
Let d(v) = -v**3 - 3*v**2 + 3*v - 3. Let h(m) = -m**2 - 12*m + 28. Let n be h(-13). Suppose -2*y - n = 3*y. What is d(y)?
-12
Let c(f) = -2*f**2 - 1. Let l be c(-1). Suppose 5*n + m = 25, 2*n - 2*m = -0*n + 22. Let k(a) = -n + 4 - a + 0 + 4 - 2*a**2. Determine k(l).
-13
Let y = 13 + -7. Let t(j) = 20*j - 11. Let p(m) = 11*m - 6. Let i(x) = -11*p(x) + 6*t(x). Determine i(y).
-6
Let o = 38 - 24. Let s = o - 11. Let z(c) = c**3 - 5*c**2 + 3*c + 4. Calculate z(s).
-5
Let q(w) be the second derivative of -w**3/3 + 12*w**2 + 17*w. Let n be q(14). Let j(h) = -h**3 - 2*h**2 + 3*h - 5. Give j(n).
15
Suppose 142*g - 396 = 186*g. Let q(z) = z**3 + 10*z**2 + 11*z + 11. Calculate q(g).
-7
Suppose 2*c = -4*c. Suppose c*s + 12 = -3*d - 3*s, -5 = -s. Let w(o) = -o**3 - 10*o**2 - 9*o - 1. Calculate w(d).
-1
Let y(f) = f**3 - 3*f**2 + 3*f - 4. Let x be y(2). Let u(j) = -4*j**2. Calculate u(x).
-16
Let w(v) = 223*v - 77*v - 75*v - 5 - v**2 - 80*v. Calculate w(-8).
3
Let o = 22 - 20. Suppose o*k + 9 = -k - g, -15 = 5*k - 3*g. Let s = -3 + k. Let a(n) = -n - 11. Determine a(s).
-5
Let p(c) = 3*c + 1. Let n be (-2 + (-4)/(-3))*(7 - 10). Suppose -16 = z - 0*z - n*d, -15 = -3*d. Calculate p(z).
-17
Let m(q) be the first derivative of q**3/3 + q**2 - 7*q - 44. Calculate m(-4).
1
Let h be 32/(-24)*(-6)/2. Suppose -2*d = 5*i + 11, -3*i + d - 19 = -h*d. Let y(l) = l**3 + 2*l**2 - l. Give y(i).
-6
Let w(i) be the third derivative of i**4/24 + i**3/2 + 3*i**2. Let x = -31 - -31. Determine w(x).
3
Suppose -4*q - q - 5 = 0. Let b(k) = 12*k - 3. Let j be b(2). Let d(i) = -19*i**3 + j*i**3 + i + 9*i**3 + 2*i**2. Determine d(q).
-10
Suppose 3*s - 2*s - 4 = -i, 3*i - 8 = s. Let m = 1 - -1. Let h(p) = -5*p + 3 + 0 + p**m - i. What is h(5)?
0
Suppose 0 = -4*r + 5*r - 6. Let y(n) be the first derivative of n**3/3 - 5*n**2/2 - 2*n - 8. Determine y(r).
4
Suppose 3*d + 7*k - 5*k = -20, -5*d = 2*k + 28. Let u(c) = c - 15. What is u(d)?
-19
Let h(v) = 5*v**3 + 2*v**2 - 4*v + 3. Let a be (670/50 - 13)*(0 + 5). What is h(a)?
43
Let k be ((-20)/25)/((-12)/(-90)). Let m(j) = j + 7 - 7 - 7. Give m(k).
-13
Let g(z) be the second derivative of -z**5/60 - z**4/3 + 5*z**3/6 - 4*z**2 - 2*z - 20. Let x(o) be the first derivative of g(o). Determine x(-7).
12
Let z(h) be the second derivative of 0 + 2/3*h**3 + 3/2*h**2 - 6*h - 1/12*h**4. Give z(4).
3
Suppose 4*x + 17 = 4*m - 27, -5*x - 5*m = 5. Let l(s) = -s**3 + 3*s**2 + s - 1. Let q be l(3). Let f(y) = -y - y - 2*y**q - 4*y - 4 + y**2. Determine f(x).
-4
Let o(g) = g**3 + 4*g**2 + 2*g + 3. Suppose -3*b + 4*b + 1 = 0. Let l be -2*(6 + 4/b). Give o(l).
-5
Let t(n) = -n**2 + 11*n - 8. Let x be t(9). Suppose 0*b = 5*l + 5*b + x, -b = -3*l - 6. Let s(j) = j**3 + j**2 + 2. Give s(l).
-2
Let a(k) be the third derivative of k**5/60 + k**4/4 + k**3/3 + 5*k**2. Let n(o) = 5 - 15 + 5*o + o**2 + 6. Let c be n(-5). Calculate a(c).
-6
Let a(c) = c**3 - 8*c**2 - 8. Suppose 0 = -4*p - 11 - 5, 4*p = -4*b + 16. Give a(b).
-8
Let c(q) = -q. Suppose -24 = 1010*k - 1016*k. What is c(k)?
-4
Let a(h) = 3*h**3 + h**2 - h + 1. Suppose 4*p - 13 + 9 = 0. Determine a(p).
4
Let r(y) = -y**3 - y**2 - 7*y - 4. Suppose -2*d + 5 = 3*i, 3*i + 25 = 6*i - 2*d. Let o(w) = -w**2 - w - 1. Let s(a) = i*o(a) - r(a). What is s(3)?
-4
Let h(b) = 41*b - b**2 + 20 - 32*b - 9*b. Give h(5).
-5
Let l(y) = 4*y + 2. Suppose 5 = 4*g + 3*s, 3*s + 0 = -3. Let j be (g/(-4) - -1)*4. Give l(j).
10
Suppose -81*p - 13 = -3*h - 76*p, -3*p = 6. Let z(n) be the first derivative of -11*n**3/3 + n**2/2 - n - 1. What is z(h)?
-11
Let r be (-44)/(-4) + (-20 - -9). Let j(w) = 2*w + 6. What is j(r)?
6
Let g(n) = 2*n**3 + 8*n**2 - 7*n + 3. Let t(s) = s**3 + 3*s**2 - 4*s + 2. Let k(m) = -3*g(m) + 5*t(m). Calculate k(-9).
-8
Let y = -563 + 570. Let r(h) = -h**2 + 6*h + 6. Determine r(y).
-1
Suppose -154 - 148 = -6*u - 308. Let k(v) = -v**2 + v - 3. Let m(q) = 2*q**2 - 2*q + 5. Let s(j) = 5*k(j) + 3*m(j). Determine s(u).
2
Suppose -24*z - 16 - 56 = 0. Let v(p) = -p**3 - 2*p**2 + 4*p - 1. What is v(z)?
-4
Let h = -114 + 114. Suppose h = -4*i - 4*s - 20, 6*i - 5*s - 13 = 8*i. Let y(g) = -3 - 1 - 5*g - g**2 + 0*g. Calculate y(i).
0
Let l(k) = -k + 7. Suppose h + 2*p = 2 + 3, -5*p + 8 = h. Suppose -2*u - 5 = 1, -4*v = h*u - 19. Suppose 2*g + 4 = -4*x, 5*g - 18 = -v*x + 4*x. Calculate l(g).
1
Let m(v) = v**3 + 1. Let i(d) = -6*d**3 + 3*d**2 + 4*d - 8. Let z(u) = -i(u) - 5*m(u). What is z(4)?
3
Let i(u) = u**3 - 8*u**2 + u - 4. Let a be i(8). Let y(r) = 2 + 4*r - 4*r + r - a. What is y(2)?
0
Let j(b) be the second derivative of -b**3/3 - b**2/2 - b + 6. Determine j(3).
-7
Let r(f) be the second derivative of -3*f**5/20 + f**4/12 - f**3/6 + f**2/2 - 143*f. Determine r(1).
-2
Let y(f) = 21*f. Let q be 12/(-18)*(-18)/(-12). What is y(q)?
-21
Let y be -1*1 - (-10)/2. Suppose u - m = -2*u + 9, 12 = y*u - m. Let b(k) = 6*k + 2*k**u - 3*k**3 + 2*k**3 + 6*k**2 + 0*k**3. Determine b(-5).
-5
Let n(r) be the second derivative of -r**4/12 - 2*r**3/3 + 4*r**2 + r. Suppose 5*i = 5*p + 5, 18*i - 15*i - 11 = -5*p. Let y be (-6)/(1/2*i). Determine n(y).
-4
Let w(o) = o**3 + 4*o**2 + 2*o - 1. Let g be w(-2). Let f(d) = g*d - 2*d - 3*d. Suppose -4*l - 50*p = -53*p - 17, l - 3*p = 2. Calculate f(l).
-10
Let w(j) = -2*j + 2. Let t(k) = 2*k + 2. Let h be t(6). Suppose -1 = -3*b + 35. Let o = h - b. Determine w(o).
-2
Let g(p) = 3*p**2 + 7*p + 5*p**2 - 16 - 4*p + 0*p + p**3 + 0*p**3. Calculate g(-7).
12
Suppose 0 = -5*z - r - 31, 4*z + r + 14 = -11. Suppose 0*a = 3*a. Let s(d) = a*d**2 - 3*d**2 - 8 + 5*d - d**3 - 2*d**2. Determine s(z).
-2
Let v(r) be the second derivative of -r**4/12 + 3*r**3/2 - 13*r**2/2 - 400*r. Give v(8).
-5
Let s(l) = -l**2 + l**2 - 61 + 5*l + 57 + l**2. Calculate s(-4).
-8
Let d be (11/33)/((-1)/18). Let k(g) = -4*g**3 + 12*g**2 - 1. Let b(h) = -3*h**3 + 11*h**2 + h. Let z(y) = 5*b(y) - 4*k(y). Calculate z(d).
10
Let p be (-1106)/(-140) - 3/(-30). Let o(k) = k**3 - 8*k**2 - k + 6. What is o(p)?
-2
Let l(q) = -q**2 - 10*q + 4. Let m(v) = 3*v - 1. Let t(f) = 2*l(f) + 7*m(f). Let y = -290 + 292. What is t(y)?
-5
Suppose 5*q - 48 = -3*q. Let t(g) = -q*g + 17*g - 2*g. What is t(-1)?
-9
Let b be (10 - -3)*(1 - 2). Let u = b + 7. Let i(w) = -4. Let c(f) = 2*f - 21. Let a(o) = c(o) - 6*i(o). Determine a(u).
-9
Suppose 0 = 2*v - n - 1, 0*v + v - 2*n + 1 = 0. Let u(w) = -2*w**2 - 2*w + 1. Determine u(v).
-3
Suppose 5*t = -3 + 13. Suppose -4*v - 3*u + 4*u + 7 = 0, 4*v + u = 9. Suppose -2 = v*s + t. Let m(c) = -2*c**3 - 3*c**2 - 3*c - 2. What is m(s)?
8
Suppose -5*z - 4*a - 35 = -0*z, 5*a + 34 = -3*z. Let t(q) be the third derivative of -q**4/24 + q**3/6 - q**2. Calculate t(z).
4
Let z be (0 - -2)*(7 + -6). Let q(i) = -1 + z - 4*i - 6*i + 11*i. Calculate q(-2).
-1
Let h(u) = u**2 - 1. Suppose -g - 2*t = -3*g - 18, -4*g + 3*t - 33 = 0. Let j(z) = -4*z - 21. Let a be j(g). Calculate h(a).
8
Let r(o) = -2*o - 3*o + 3*o + 1. Suppose m - 2 = -3*u - 5, u = 5*m + 31. Let z be (-12)/(-2) + 2 + m. Calculate r(z).
-3
Let m(c) = -7*c**2 - c - 1. Let s = -100 + 106. Let a be 7/(-49) + s/(-7). Give m(a).
-7
Let l(i) be the third derivative of -i**5/60 + 5*i**4/24 - i**3/2 - 5*i**2. Let f be (8 - 7)/((-1)/(-4)). Suppose -f = -p - 0. Determine l(p).
1
Let w(c) = 2*c**2 - 5*c - 11. Let q(g) = 2*g - 4. Let f(n) = 3*q(n) - w(n). Calculate f(6).
-